{"id":869,"date":"2023-12-23T15:20:51","date_gmt":"2023-12-23T14:20:51","guid":{"rendered":"https:\/\/marioslegos.pl\/?post_type=product&#038;p=869"},"modified":"2024-03-22T09:13:52","modified_gmt":"2024-03-22T08:13:52","slug":"ekipa-gornicza","status":"publish","type":"product","link":"https:\/\/marioslegos.pl\/?product=ekipa-gornicza","title":{"rendered":"ekipa g\u00f3rnicza"},"content":{"rendered":"<p>musze powiedzie\u0107 to w ten spos\u00f3b by by\u0142o \u0142atwe zobaczy\u0107 jakie to jest \u015bwietne 4 g\u00f3rnicy ka\u017cdy z ekwipunkiem, ma\u0142a g\u00f3rka, autko do trzymania ekwipunku i miejsce na z\u0142oto i tanio perfekcja<\/p>\n","protected":false},"excerpt":{"rendered":"<p>musze powiedzie\u0107 to w ten spos\u00f3b by by\u0142o \u0142atwe zobaczy\u0107 jakie to jest \u015bwietne 4 g\u00f3rnicy ka\u017cdy z ekwipunkiem, ma\u0142a g\u00f3rka, autko do trzymania ekwipunku i miejsce na z\u0142oto i tanio perfekcja<\/p>\n","protected":false},"featured_media":873,"comment_status":"open","ping_status":"closed","template":"","meta":[],"product_brand":[],"product_cat":[36],"product_tag":[],"class_list":{"0":"post-869","1":"product","2":"type-product","3":"status-publish","4":"has-post-thumbnail","6":"product_cat-city","8":"first","9":"instock","10":"sale","11":"shipping-taxable","12":"purchasable","13":"product-type-simple"},"jetpack_sharing_enabled":true,"_links":{"self":[{"href":"https:\/\/marioslegos.pl\/index.php?rest_route=\/wp\/v2\/product\/869","targetHints":{"allow":["GET"]}}],"collection":[{"href":"https:\/\/marioslegos.pl\/index.php?rest_route=\/wp\/v2\/product"}],"about":[{"href":"https:\/\/marioslegos.pl\/index.php?rest_route=\/wp\/v2\/types\/product"}],"replies":[{"embeddable":true,"href":"https:\/\/marioslegos.pl\/index.php?rest_route=%2Fwp%2Fv2%2Fcomments&post=869"}],"version-history":[{"count":1,"href":"https:\/\/marioslegos.pl\/index.php?rest_route=\/wp\/v2\/product\/869\/revisions"}],"predecessor-version":[{"id":874,"href":"https:\/\/marioslegos.pl\/index.php?rest_route=\/wp\/v2\/product\/869\/revisions\/874"}],"wp:featuredmedia":[{"embeddable":true,"href":"https:\/\/marioslegos.pl\/index.php?rest_route=\/wp\/v2\/media\/873"}],"wp:attachment":[{"href":"https:\/\/marioslegos.pl\/index.php?rest_route=%2Fwp%2Fv2%2Fmedia&parent=869"}],"wp:term":[{"taxonomy":"product_brand","embeddable":true,"href":"https:\/\/marioslegos.pl\/index.php?rest_route=%2Fwp%2Fv2%2Fproduct_brand&post=869"},{"taxonomy":"product_cat","embeddable":true,"href":"https:\/\/marioslegos.pl\/index.php?rest_route=%2Fwp%2Fv2%2Fproduct_cat&post=869"},{"taxonomy":"product_tag","embeddable":true,"href":"https:\/\/marioslegos.pl\/index.php?rest_route=%2Fwp%2Fv2%2Fproduct_tag&post=869"}],"curies":[{"name":"wp","href":"https:\/\/api.w.org\/{rel}","templated":true}]}}