{"id":732,"date":"2023-11-04T13:12:39","date_gmt":"2023-11-04T12:12:39","guid":{"rendered":"https:\/\/marioslegos.pl\/?page_id=732"},"modified":"2024-03-05T19:19:20","modified_gmt":"2024-03-05T18:19:20","slug":"elementor-732","status":"publish","type":"page","link":"https:\/\/marioslegos.pl\/?page_id=732","title":{"rendered":"galeria"},"content":{"rendered":"\t\t<div data-elementor-type=\"wp-page\" data-elementor-id=\"732\" class=\"elementor elementor-732\" data-elementor-post-type=\"page\">\n\t\t\t\t\t\t<section class=\"elementor-section elementor-top-section elementor-element elementor-element-579aeed elementor-section-boxed elementor-section-height-default elementor-section-height-default\" data-id=\"579aeed\" data-element_type=\"section\" data-e-type=\"section\">\n\t\t\t\t\t\t<div class=\"elementor-container elementor-column-gap-default\">\n\t\t\t\t\t<div class=\"elementor-column elementor-col-100 elementor-top-column elementor-element elementor-element-69760b7\" data-id=\"69760b7\" data-element_type=\"column\" data-e-type=\"column\">\n\t\t\t<div class=\"elementor-widget-wrap elementor-element-populated\">\n\t\t\t\t\t\t<div class=\"elementor-element elementor-element-b2f0ede elementor-widget elementor-widget-image\" data-id=\"b2f0ede\" data-element_type=\"widget\" data-e-type=\"widget\" data-widget_type=\"image.default\">\n\t\t\t\t<div class=\"elementor-widget-container\">\n\t\t\t\t\t\t\t\t\t\t\t\t\t\t\t<img fetchpriority=\"high\" decoding=\"async\" width=\"768\" height=\"1024\" src=\"https:\/\/marioslegos.pl\/wp-content\/uploads\/2024\/03\/20240305_1915351-768x1024.jpg\" class=\"attachment-large size-large wp-image-975\" alt=\"\" srcset=\"https:\/\/marioslegos.pl\/wp-content\/uploads\/2024\/03\/20240305_1915351-768x1024.jpg 768w, https:\/\/marioslegos.pl\/wp-content\/uploads\/2024\/03\/20240305_1915351-225x300.jpg 225w, https:\/\/marioslegos.pl\/wp-content\/uploads\/2024\/03\/20240305_1915351-1152x1536.jpg 1152w, https:\/\/marioslegos.pl\/wp-content\/uploads\/2024\/03\/20240305_1915351-1536x2048.jpg 1536w, https:\/\/marioslegos.pl\/wp-content\/uploads\/2024\/03\/20240305_1915351-1320x1760.jpg 1320w, https:\/\/marioslegos.pl\/wp-content\/uploads\/2024\/03\/20240305_1915351-300x400.jpg 300w, https:\/\/marioslegos.pl\/wp-content\/uploads\/2024\/03\/20240305_1915351-600x800.jpg 600w, https:\/\/marioslegos.pl\/wp-content\/uploads\/2024\/03\/20240305_1915351-scaled.jpg 1920w\" sizes=\"(max-width: 768px) 100vw, 768px\" \/>\t\t\t\t\t\t\t\t\t\t\t\t\t\t\t<\/div>\n\t\t\t\t<\/div>\n\t\t\t\t<div class=\"elementor-element elementor-element-1bd4c10 elementor-widget elementor-widget-text-editor\" data-id=\"1bd4c10\" data-element_type=\"widget\" data-e-type=\"widget\" data-widget_type=\"text-editor.default\">\n\t\t\t\t<div class=\"elementor-widget-container\">\n\t\t\t\t\t\t\t\t\t<p>M\u00f3j zestaw chrunchlabs z Ameryki&nbsp;<\/p>\t\t\t\t\t\t\t\t<\/div>\n\t\t\t\t<\/div>\n\t\t\t\t\t<\/div>\n\t\t<\/div>\n\t\t\t\t\t<\/div>\n\t\t<\/section>\n\t\t\t\t<section class=\"elementor-section elementor-top-section elementor-element elementor-element-195710a elementor-section-boxed elementor-section-height-default elementor-section-height-default\" data-id=\"195710a\" data-element_type=\"section\" data-e-type=\"section\">\n\t\t\t\t\t\t<div class=\"elementor-container elementor-column-gap-default\">\n\t\t\t\t\t<div class=\"elementor-column elementor-col-100 elementor-top-column elementor-element elementor-element-20ecd0d\" data-id=\"20ecd0d\" data-element_type=\"column\" data-e-type=\"column\">\n\t\t\t<div class=\"elementor-widget-wrap elementor-element-populated\">\n\t\t\t\t\t\t<div class=\"elementor-element elementor-element-13fcaec elementor-widget elementor-widget-image\" data-id=\"13fcaec\" data-element_type=\"widget\" data-e-type=\"widget\" data-widget_type=\"image.default\">\n\t\t\t\t<div class=\"elementor-widget-container\">\n\t\t\t\t\t\t\t\t\t\t\t\t\t\t\t<img decoding=\"async\" width=\"768\" height=\"1024\" src=\"https:\/\/marioslegos.pl\/wp-content\/uploads\/2024\/03\/20240305_1914491-768x1024.jpg\" class=\"attachment-large size-large wp-image-976\" alt=\"\" srcset=\"https:\/\/marioslegos.pl\/wp-content\/uploads\/2024\/03\/20240305_1914491-768x1024.jpg 768w, https:\/\/marioslegos.pl\/wp-content\/uploads\/2024\/03\/20240305_1914491-225x300.jpg 225w, https:\/\/marioslegos.pl\/wp-content\/uploads\/2024\/03\/20240305_1914491-1152x1536.jpg 1152w, https:\/\/marioslegos.pl\/wp-content\/uploads\/2024\/03\/20240305_1914491-1536x2048.jpg 1536w, https:\/\/marioslegos.pl\/wp-content\/uploads\/2024\/03\/20240305_1914491-1320x1760.jpg 1320w, https:\/\/marioslegos.pl\/wp-content\/uploads\/2024\/03\/20240305_1914491-300x400.jpg 300w, https:\/\/marioslegos.pl\/wp-content\/uploads\/2024\/03\/20240305_1914491-600x800.jpg 600w, https:\/\/marioslegos.pl\/wp-content\/uploads\/2024\/03\/20240305_1914491-scaled.jpg 1920w\" sizes=\"(max-width: 768px) 100vw, 768px\" \/>\t\t\t\t\t\t\t\t\t\t\t\t\t\t\t<\/div>\n\t\t\t\t<\/div>\n\t\t\t\t<div class=\"elementor-element elementor-element-79938e7 elementor-widget elementor-widget-text-editor\" data-id=\"79938e7\" data-element_type=\"widget\" data-e-type=\"widget\" data-widget_type=\"text-editor.default\">\n\t\t\t\t<div class=\"elementor-widget-container\">\n\t\t\t\t\t\t\t\t\t<p>drugi certifikat ON B\u0118DZIE M\u00d3J<\/p>\t\t\t\t\t\t\t\t<\/div>\n\t\t\t\t<\/div>\n\t\t\t\t\t<\/div>\n\t\t<\/div>\n\t\t\t\t\t<\/div>\n\t\t<\/section>\n\t\t\t\t<\/div>\n\t\t","protected":false},"excerpt":{"rendered":"<p>M\u00f3j zestaw chrunchlabs z Ameryki&nbsp; drugi certifikat ON B\u0118DZIE M\u00d3J<\/p>\n","protected":false},"author":1,"featured_media":0,"parent":0,"menu_order":0,"comment_status":"closed","ping_status":"closed","template":"","meta":{"footnotes":""},"class_list":["post-732","page","type-page","status-publish","hentry"],"jetpack_sharing_enabled":true,"_links":{"self":[{"href":"https:\/\/marioslegos.pl\/index.php?rest_route=\/wp\/v2\/pages\/732","targetHints":{"allow":["GET"]}}],"collection":[{"href":"https:\/\/marioslegos.pl\/index.php?rest_route=\/wp\/v2\/pages"}],"about":[{"href":"https:\/\/marioslegos.pl\/index.php?rest_route=\/wp\/v2\/types\/page"}],"author":[{"embeddable":true,"href":"https:\/\/marioslegos.pl\/index.php?rest_route=\/wp\/v2\/users\/1"}],"replies":[{"embeddable":true,"href":"https:\/\/marioslegos.pl\/index.php?rest_route=%2Fwp%2Fv2%2Fcomments&post=732"}],"version-history":[{"count":8,"href":"https:\/\/marioslegos.pl\/index.php?rest_route=\/wp\/v2\/pages\/732\/revisions"}],"predecessor-version":[{"id":979,"href":"https:\/\/marioslegos.pl\/index.php?rest_route=\/wp\/v2\/pages\/732\/revisions\/979"}],"wp:attachment":[{"href":"https:\/\/marioslegos.pl\/index.php?rest_route=%2Fwp%2Fv2%2Fmedia&parent=732"}],"curies":[{"name":"wp","href":"https:\/\/api.w.org\/{rel}","templated":true}]}}